{"id":366,"date":"2024-08-06T16:44:21","date_gmt":"2024-08-06T16:44:21","guid":{"rendered":"https:\/\/xn--medhjrtaivrden-9hbv.se\/?page_id=366"},"modified":"2026-01-01T06:47:02","modified_gmt":"2026-01-01T06:47:02","slug":"about-2","status":"publish","type":"page","link":"https:\/\/xn--medhjrtaivrden-9hbv.se\/","title":{"rendered":"En liten bok"},"content":{"rendered":"\n<div class=\"wp-block-columns is-layout-flex wp-container-core-columns-is-layout-9d6595d7 wp-block-columns-is-layout-flex\">\n<div class=\"wp-block-column is-layout-flow wp-block-column-is-layout-flow\"><\/div>\n\n\n\n<div class=\"wp-block-column is-layout-flow wp-block-column-is-layout-flow\">\n<figure class=\"wp-block-image size-full\"><img loading=\"lazy\" decoding=\"async\" width=\"300\" height=\"408\" src=\"https:\/\/xn--medhjrtaivrden-9hbv.se\/wp-content\/uploads\/2024\/04\/Screenshot-2023-09-11-at-21.25.09-e1713290553516.png\" alt=\"\" class=\"wp-image-305\"\/><\/figure>\n<\/div>\n\n\n\n<div class=\"wp-block-column is-layout-flow wp-block-column-is-layout-flow\"><\/div>\n<\/div>\n\n\n\n<p class=\"has-text-align-center has-black-background-color has-text-color has-background has-link-color wp-elements-38a1fad941233e560f5f54becc916ac8\" style=\"color:#d6c7a6;font-size:15px\"><br>Boken Med Hj\u00e4rta i V\u00e5rden finns utgiven som tryckt exemplar, ljudbok och e-bok. Den finns tillg\u00e4nglig d\u00e4r b\u00f6cker finns p\u00e5 n\u00e4tet &#8211; men tryckt exemplar g\u00e5r ocks\u00e5 att best\u00e4lla hem via bokhandlar och bibliotek;<br><br>isbn 978-91-527-8010-7<\/p>\n\n\n\n<p class=\"has-text-align-center\">&#x2665;&#x2665;&#x2665;<\/p>\n","protected":false},"excerpt":{"rendered":"<p>Boken Med Hj\u00e4rta i V\u00e5rden finns utgiven som tryckt exemplar, ljudbok och e-bok. Den finns tillg\u00e4nglig d\u00e4r b\u00f6cker finns p\u00e5<\/p>\n<p><a href=\"https:\/\/xn--medhjrtaivrden-9hbv.se\/\" class=\"more-link\">Continue reading<span class=\"screen-reader-text\">En liten bok<\/span><\/a><\/p>\n","protected":false},"author":1,"featured_media":0,"parent":0,"menu_order":0,"comment_status":"closed","ping_status":"closed","template":"","meta":{"slim_seo":{"facebook_image":"https:\/\/xn--medhjrtaivrden-9hbv.se\/wp-content\/uploads\/2023\/08\/cropped-F9E8E536-0598-4867-9F39-7DB1F7EA68D8-1-e1693312118437.jpeg","twitter_image":"https:\/\/xn--medhjrtaivrden-9hbv.se\/wp-content\/uploads\/2023\/08\/cropped-F9E8E536-0598-4867-9F39-7DB1F7EA68D8-1-e1693312118437.jpeg"},"footnotes":""},"class_list":["post-366","page","type-page","status-publish","hentry"],"_links":{"self":[{"href":"https:\/\/xn--medhjrtaivrden-9hbv.se\/index.php?rest_route=\/wp\/v2\/pages\/366","targetHints":{"allow":["GET"]}}],"collection":[{"href":"https:\/\/xn--medhjrtaivrden-9hbv.se\/index.php?rest_route=\/wp\/v2\/pages"}],"about":[{"href":"https:\/\/xn--medhjrtaivrden-9hbv.se\/index.php?rest_route=\/wp\/v2\/types\/page"}],"author":[{"embeddable":true,"href":"https:\/\/xn--medhjrtaivrden-9hbv.se\/index.php?rest_route=\/wp\/v2\/users\/1"}],"replies":[{"embeddable":true,"href":"https:\/\/xn--medhjrtaivrden-9hbv.se\/index.php?rest_route=%2Fwp%2Fv2%2Fcomments&post=366"}],"version-history":[{"count":8,"href":"https:\/\/xn--medhjrtaivrden-9hbv.se\/index.php?rest_route=\/wp\/v2\/pages\/366\/revisions"}],"predecessor-version":[{"id":479,"href":"https:\/\/xn--medhjrtaivrden-9hbv.se\/index.php?rest_route=\/wp\/v2\/pages\/366\/revisions\/479"}],"wp:attachment":[{"href":"https:\/\/xn--medhjrtaivrden-9hbv.se\/index.php?rest_route=%2Fwp%2Fv2%2Fmedia&parent=366"}],"curies":[{"name":"wp","href":"https:\/\/api.w.org\/{rel}","templated":true}]}}